pose -p*g = k*a - 350, 217 + 40 = 3*a + 5*g. List the prime factors of a.
89
Let m = -157 + 81. Let t = m + 82. List the prime factors of (-2 - -4)/t + (-213)/(-9).
2, 3
Suppose -2*u - 30 = 5*l + 3*u, -4*l - 2*u = 30. Let w = -18 - 117. Let x = l - w. What are the prime factors of x?
2, 3, 7
Let h = -63 + 89. Suppose a - q = 4*a - h, -5*q = 4*a - 20. List the prime factors of 50/125 + 526/a.
53
Suppose 0 = 9*b - 2086 - 5933. Suppose 3*v - b = -m, 7*m - 3*m - 1492 = -5*v. What are the prime factors of v?
2, 37
Suppose 0*v - 3*v + 5700 = -4*w, -9500 = -5*v - 2*w. What are the prime factors of v?
2, 5, 19
Suppose 0 = 2*h - 4*q - 22, -5 - 7 = 4*q. Let j(a) = 47*a**2 + 3*a - 20. List the prime factors of j(h).
2, 3, 5, 13
Suppose -96*r + 95*r = -4*f - 8367, 16789 = 2*r + 3*f. List the prime factors of r.
8387
Let f(y) = 39263*y**2 + 13*y + 15. List the prime factors of f(-1).
5, 7853
Let m = 28311 - 5015. What are the prime factors of m?
2, 7, 13
Let n = -19774 - -40599. List the prime factors of n.
5, 7, 17
Suppose -4*z = -4*v - 1236, 9*z + 2*v = 4*z + 1524. Let n = z - 146. What are the prime factors of n?
2, 5
Suppose -19 = 2*z - 27. What are the prime factors of 2/(-4)*-90 - z?
41
Let f be ((-81)/(-162))/((2/8)/1). Suppose -3*v = m - 8*v - 226, -5*m + f*v + 1199 = 0. What are the prime factors of m?
241
Suppose 3*h = -1292 + 4550. Suppose -2*y - 2*g + h = y, 2*g - 362 = -y. Let i = y + -255. List the prime factors of i.
107
Let t(a) = 89*a**2 + 4*a + 11. What are the prime factors of t(-14)?
127, 137
List the prime factors of ((4 - -1)*-3)/((-411)/26441).
5, 193
Suppose -h = h - 6, 2*t = -3*h + 27. Let z be t/(-12) - (-7007)/(-28). What are the prime factors of (-5)/(-15) + z/(-3)?
2, 3, 7
Let x be 2/(10/35)*-17. Let j = 440 + x. Suppose b = -4*c + c + j, -2*c - 4*b + 224 = 0. List the prime factors of c.
2, 53
Let c = -82 + 52. Let o = c - -32. Suppose 0 = -o*r + 36 + 28. List the prime factors of r.
2
Let l(x) = -6*x**2 + 2*x + 2. Let o be l(-1). List the prime factors of (-1)/((-12845)/2140 - o).
2, 107
Let l = -2703 - -22979. What are the prime factors of l?
2, 37, 137
Let b be (-125)/60*3 - (-1)/4. What are the prime factors of ((-120)/b)/4 + 673?
2, 3, 113
Let l = 8 - 8. Suppose f - 6 = 5*s, 5*f + l = -4*s + 1. What are the prime factors of 3 - f - (-6 - 6)?
2, 7
What are the prime factors of (-329922)/30*(-25)/15?
18329
Suppose 53485 = -52*b + 54*b + 3*p, b - 26744 = -p. List the prime factors of b.
7, 3821
Let s = 4215 - -7131. What are the prime factors of s?
2, 3, 31, 61
Suppose 6*p = 4*p. Suppose p = 5*f + 3*j - 815, -j = f - 0*f - 165. Suppose -3*s - 4*t + 216 = s, 3*s + t = f. List the prime factors of s.
53
Let l(a) = -42*a**3 - 5*a**2 + 12. Let r be l(-5). Suppose 62*v - 51*v = r. What are the prime factors of v?
467
Let n(u) = 35*u - 259. Let x be n(8). What are the prime factors of 24913/x + 3/(-9)?
2, 593
Let t(d) = 148*d + 647. What are the prime factors of t(24)?
13, 17, 19
What are the prime factors of ((-8)/46)/(-2) - (153339/(-23) + 3)?
2, 7, 17
Suppose -8*g + g + 108675 = 0. What are the prime factors of g?
3, 5, 23
Let t(a) = 3*a**3 - 256*a**2 - 4*a + 231. List the prime factors of t(86).
3, 7, 233
Suppose -o = 4*o - z - 108943, 0 = 3*o - 2*z - 65363. List the prime factors of o.
3, 269
Suppose 27*r - 26*r - 79 = 0. Let h = r + -77. Suppose h*z = -4*q + 354, -2*z = -2*q - 330 - 54. List the prime factors of z.
11, 17
Let u = -4724 + 6953. What are the prime factors of u/2 - (-160)/64?
1117
Let r(x) = -13*x - 8. Let p be r(4). Let d be (-144)/p*70/4. Suppose 5*n - 231 = 3*t, 2*n = n + 2*t + d. What are the prime factors of n?
2, 3
Suppose 36*z + 35*z = 2722029 - 901376. What are the prime factors of z?
25643
Suppose 4*l + 17 = -19. Let v(u) = u**3 + 11*u**2 - 9*u + 19. Let o be v(l). Suppose -2*c + 4*c = 3*p + 524, o = c - 5*p. What are the prime factors of c?
2, 131
Suppose -254*p + 636443 = -235*p. What are the prime factors of p?
19, 41, 43
Let z = 439 - 437. Suppose z*i - 1482 = 556. What are the prime factors of i?
1019
Let f = 7270 - 1270. List the prime factors of f.
2, 3, 5
Suppose -j - 2*j - 7 = -4*c, -c + 2*j + 8 = 0. Let x(g) = 2*g**3 + 3*g - 2. Let s be x(-3). List the prime factors of c/(-13) - 3175/s.
7
Suppose 5*b - 5*o - 350 = 0, -4*b - o + 310 - 15 = 0. Let v = 8 - b. Let m = -25 - v. List the prime factors of m.
2, 5
Suppose p = -j + 8, -2*p + 2 = 4*j - 38. Suppose -4*s - 4*x = -3*s + j, -s + 2*x + 12 = 0. Suppose 0 = 9*b - s*b - 170. List the prime factors of b.
2, 17
Let l(y) = 1305*y + 10773. What are the prime factors of l(0)?
3, 7, 19
Let g = 4293 - 2111. Suppose 3*a + 3*l - 7*l = 2177, 3*a - 5*l = g. What are the prime factors of a?
719
Suppose 4*s + 0*y - 3264 = -3*y, -3*s - 4*y + 2441 = 0. Let o be (-44)/2*s/(-6). List the prime factors of (-4)/(-3)*o/26.
2, 7, 11
Suppose 21*r = 84*r + 141371 - 798650. List the prime factors of r.
10433
Suppose p + 4*p + 290 = 0. Let c = p + 21. Let t = 119 + c. List the prime factors of t.
2, 41
Let k(v) = -v**2 - 34*v + 39. Let p be 4/(-8) - 234/12. What are the prime factors of k(p)?
11, 29
Suppose 32*v - 37*v + 217250 = -c, -2*c = v - 43439. List the prime factors of v.
3, 7, 2069
Let w = 227 - 154. Suppose -19*b = -w - 2511. What are the prime factors of b?
2, 17
Let w = -620 + 6012. Suppose -65*q + 68*q - u = w, 0 = -5*q - u + 8984. What are the prime factors of q?
3, 599
Let g(f) = -2*f**2 + 36*f - 32. Let i be g(17). List the prime factors of 21*657/54 - (-3)/i.
257
Suppose 13*k - 38760 = 38746. List the prime factors of k.
2, 11, 271
Let g(k) = 6*k - 22. Let m be g(2). List the prime factors of (-6)/m - (5 + 3434/(-10)).
3, 113
Let p(c) be the first derivative of 38*c**3/3 - 91*c**2/2 - 6*c + 52. List the prime factors of p(-6).
2, 3, 53
What are the prime factors of 122656/176 - 4/(-44)?
17, 41
Let n(t) = -t**2 - 6*t - 8. Let m be n(-4). Suppose 22*q - 24*q + 548 = m. What are the prime factors of q?
2, 137
Let c = -92 + 125. Let n = c + -18. List the prime factors of (-12)/(-9) - (-910)/n.
2, 31
Let t be (30/6 - -65) + 5. Suppose 3*y - t = a, -4*y + 33 + 67 = -5*a. What are the prime factors of y?
5
Suppose -3*x = -2*d - 3134, -4*d - 2005 = -4*x + 2175. Suppose -c + 6*c = 5*h - 1770, x = 3*h + 3*c. What are the prime factors of h?
3, 13
Let y = 113 + -114. Let m(z) = 320*z**2 + 2*z + 2. What are the prime factors of m(y)?
2, 5
Suppose 141*h - 147*h = 0. Suppose h = 261*t - 267*t + 1164. What are the prime factors of t?
2, 97
Let l(j) = 12 - 280*j**2 - j**3 - 294*j**2 + 593*j**2 - 4*j. What are the prime factors of l(18)?
2, 3, 11
Suppose -6 = -86*t + 85*t. Let f(i) = 2*i**2 + 5*i - 10. List the prime factors of f(t).
2, 23
List the prime factors of (-10 - 350/(-40))*4*112932/(-10).
2, 3, 3137
Suppose -11*i + 46099 = 5740. List the prime factors of i.
3, 1223
Suppose 0 = -5*t + 9 + 6, 2*s - 3*t - 45 = 0. Suppose -21*q = -s*q - 36. List the prime factors of -1 - (-2)/(q/(-387)).
2
What are the prime factors of -1*(-763434)/72 - 3/(-4)?
2, 11, 241
Suppose 13*l - 11*l = 5*n + 1326, 0 = 2*n + 8. List the prime factors of l.
653
Let w(g) = 175*g - 102. List the prime factors of w(28).
2, 2399
Suppose 0 = -2*z - u + 11, -5*z + 21 = 2*u - 4. Suppose -z*a - i = -2*a + 43, 2*a - 4*i + 116 = 0. What are the prime factors of ((-24)/a)/(1/456)?
2, 3, 19
Suppose -1144214 - 321528 = -82*h + 43878. What are the prime factors of h?
2, 5, 7, 263
Suppose 17*s - 14*s = -6, -4*s = -p + 31552. What are the prime factors of p?
2, 3943
Suppose -149 = 4*k - 3*h, -3*h - 160 = 5*k + 2*h. Let g be 21*(1 + k/(-15)). Let q = g + 2. What are the prime factors of q?
2, 3
Let w(z) = z**3 + 33*z**2 + 61*z - 57. Suppose -27*f - 1380 = 19*f. List the prime factors of w(f).
3, 271
Let p = -4019 - -47028. What are the prime factors of p?
41, 1049
Suppose 27*m - 115473 = 84678. What are the prime factors of m?
3, 7, 353
Let r(k) = 66*k + 86. Let s(i) = -33*i - 43. Let u(o) = -3*r(o) - 5*s(o). What are the prime factors of u(-10)?
7, 41
Suppose 0 = 113*m - 145*m - 451*m + 13336113. List the prime factors of m.
27611
Let f(v) = 155*v**2 - 1 + 2*v + 163*v**2 - 88*v**2 - v**2. List the prime factors of f(-1).
2, 113
Let p be 28/(-1 + 5) + (-15)/3. Suppose 4*t = p*d - 85 - 1195, 5*t = 3*d 